ulate the highest common divisor of p and 1241.
73
Let l = 2630 + -2599. What is the greatest common divisor of 2449 and l?
31
Let s(m) = 6*m**2 - 19*m + 56. Let v be s(8). Calculate the highest common divisor of v and 32.
32
Let i = 40 + -2. Let h = i - 22. What is the highest common divisor of h and 176?
16
Let y = 70 + -57. Calculate the greatest common divisor of y and 1053.
13
Let j(o) = 29*o**2 - 1. Let x be 45/36 + 2/(-8). Let f be j(x). What is the highest common factor of 196 and f?
28
Let n = -125 - -173. Calculate the highest common factor of n and 32.
16
Suppose 7*p + 8 = 8*p. Suppose 2*v + 4*h - 26 = 0, -2*h + 1 = -v - 2. Let q = v + -4. What is the greatest common factor of p and q?
1
Let s = 71 - 69. Let h be 21 - (1/(-1) - s). What is the highest common divisor of 16 and h?
8
Suppose -g + 9*i + 21 = 12*i, 5*g - 5*i - 125 = 0. What is the greatest common divisor of g and 306?
6
Suppose 0 = -4*p + 128 - 368. Let m = 73 + p. Calculate the greatest common factor of m and 169.
13
Let c be (108/45)/(1/(-5)). Let y be 159*4/16 + (-3)/c. What is the greatest common divisor of 24 and y?
8
Suppose -55 = -2*m - i + 23, 0 = 4*m - 3*i - 146. What is the greatest common factor of 608 and m?
38
Suppose -46 = 2*q - 2*n, -4*q - n = 142 - 45. Let c be (1 - -5)/((-1)/6). Let f = q - c. Calculate the greatest common factor of f and 8.
4
Let b = -100 + 304. Calculate the greatest common factor of 36 and b.
12
Let b(j) = 5*j + 8. Let y be b(-8). Let m(z) = 2*z**2 - 5*z - 16. Let o be m(8). Let q = o + y. Calculate the greatest common factor of 200 and q.
40
Let d(p) = -188*p - 320. Let a be d(-5). Calculate the greatest common factor of 20 and a.
20
Let m = -1 + -3. Let y be m/((-6)/3) - 6. Let g be -1 - y - (0 - 27). Calculate the greatest common factor of g and 3.
3
Let k be -1 - (176 - -1)/(-1). Let s(d) = -7*d + 16. Let i be s(8). Let c = 56 + i. Calculate the highest common divisor of k and c.
16
Let w(l) = l**2 + l + 10. Let d be w(-3). Suppose 4*a + 136 = 3*p, -3*a = p - 6*a - 42. Calculate the highest common factor of p and d.
16
Suppose -3*j + 17*j = 17794. Calculate the greatest common factor of j and 31.
31
Suppose -19 - 8 = 3*s. Let c = 5 - s. Calculate the greatest common factor of 14 and c.
14
Let f = 74 - 70. Let i(q) = -q**2 + 5*q. Let x = -4 - -7. Let z be i(x). Calculate the highest common divisor of z and f.
2
Suppose -2 = 2*u - 0. Let g be (-27)/u*72/27. Calculate the highest common divisor of g and 18.
18
Let p(t) = t**2 + 16*t + 32. Let c be p(-14). Let l be c*(-3 + 28) + -2. Suppose -4*n - 2 = -l. Calculate the greatest common factor of 36 and n.
12
Suppose 0*k - 5*p = 5*k - 315, 2*k - p = 120. Suppose 3*x - 1 = -k. Let d = 43 - x. What is the highest common factor of d and 21?
21
Let q(k) = -k**3 - 5*k**2 - 15. Let j be q(-7). Suppose 11*u - j - 49 = 0. Calculate the highest common divisor of 9 and u.
3
Suppose -t + 0*w + w = -1, -5 = -5*t - w. Let p = -49 - -53. Let b(v) = 2*v - 7. Let o be b(p). Calculate the highest common factor of o and t.
1
Suppose -3*l + 0*l = -6. Suppose 4*r + 4*x - 120 = 0, 4*r + l*x = -x + 115. Calculate the greatest common factor of r and 25.
25
Let f(u) = 0*u + 0*u**3 + 8 + 5*u**2 + u**3 + u + 7*u**2. Let r be f(-12). Let m be ((-5)/r)/((-9)/(-144)). Calculate the greatest common factor of 50 and m.
10
Let s = -2 - -7. Let f be -2*(5 + -4) + 0 + 2. Suppose -p + 31 = 2*z - 38, -s*z - 5*p + 165 = f. Calculate the greatest common divisor of 24 and z.
12
Suppose -15 = 5*f, -2*t - 34*f + 30*f + 270 = 0. What is the greatest common divisor of t and 188?
47
Suppose 12*z - 100 - 80 = 0. Calculate the greatest common divisor of z and 4.
1
Suppose 3*q - q = 48. Let l = q + -22. What is the greatest common factor of l and 16?
2
Let c be 86 + 4/(7 + -5). What is the highest common divisor of 112 and c?
8
Let v = -64 - -82. Let t be (33 + v/3)/(1 - 0). Calculate the greatest common divisor of t and 13.
13
Let d(m) = -m**3 - 9*m**2 + 9*m - 12. Let z be d(-10). Let w be 1*z + (8 - 8). Let u be w/((24/(-363))/4). What is the greatest common factor of u and 11?
11
Let z = 185 - -1532. Calculate the highest common divisor of z and 303.
101
Let i(p) = p**2 - 4*p + 9. Let g be i(6). Let m be 4908/g - ((-18)/21)/3. Calculate the highest common factor of m and 26.
26
Let y = 568 + -374. Suppose i - 4*p = -3*p + y, -3 = -3*p. Calculate the highest common divisor of 39 and i.
39
Let v = -273 - -327. Calculate the greatest common factor of 594 and v.
54
Suppose -4*b + b + 42 = 0. Let i = b + -12. Suppose i*d + 3*d - 80 = 0. Calculate the highest common factor of 16 and d.
16
Let l(z) = -z**3 + 11*z**2 - 9*z + 12. Suppose 0 = j + 2*j - 24. Let v be l(j). Suppose 0*p = -p, 12 = a - p. What is the greatest common divisor of a and v?
12
Suppose -7378 - 4180 = -270*l - 2648. Let b(h) = -h**2 - 10*h - 3. Let y be b(-5). What is the highest common divisor of l and y?
11
Suppose -2*x - 56 = 4*f - 210, -2*f - 2*x + 82 = 0. Let g be (3 + -2)*6*9. Calculate the highest common factor of f and g.
18
Suppose 4*g = -3*x + 116, -5*x = 3*g - 7*g - 236. Suppose -3*h - 5*v + 2*v = -651, 5*h - 1088 = -4*v. What is the greatest common factor of x and h?
44
Let f = 22 - -11. Let g = 69 - f. Calculate the highest common factor of 12 and g.
12
Let n(c) = 2*c**2 - 2*c + 12. Let l be n(0). Calculate the highest common factor of l and 60.
12
Suppose -10 = -7*x + 4. Let m = x + 11. What is the highest common divisor of m and 104?
13
Suppose -5 = 9*g - 14*g, 3*w = -2*g + 53. Calculate the highest common factor of 17 and w.
17
Let w(k) = 13*k**2 - 3*k - 3. Let d be w(3). Suppose -5*q + 255 = -d. Suppose -5*f = -f - q. What is the greatest common divisor of 6 and f?
6
Suppose 2 = -2*n - 0. Let p = 2 - n. Suppose 0*k + 102 = 17*k. What is the greatest common factor of p and k?
3
Let g be 12*(-12)/(-16)*1. Suppose -45 = -2*z - z. Let k be ((-36)/(-10))/(6/z). What is the greatest common factor of g and k?
9
Suppose 1841*t = 1850*t - 216. Calculate the greatest common factor of 40 and t.
8
Suppose -5*x = 2*i - 10, -4*i + 25 = i - 2*x. Let m(v) = 2*v**3 - 4*v**2 - v + 2. Let t be m(i). Let c = 2 + 19. What is the greatest common divisor of c and t?
21
Let x be (36/63)/((-4)/(-14)). Suppose 4*a - 2*j - 193 = -3*j, -x = -2*j. Calculate the greatest common divisor of 6 and a.
6
Let j(l) = l**2 + 5*l - 13. Let d be j(-7). Suppose -1 = 4*u - 2*p + d, 4*u - 33 = -5*p. Calculate the highest common factor of u and 18.
2
Suppose 4*j - 62 + 1 = u, -4*u + 60 = 3*j. Let m = 111 - 160. Let k = 63 - m. What is the greatest common divisor of j and k?
16
Let w = -543 + 1327. Calculate the highest common divisor of 49 and w.
49
Let u(h) = 85*h - 5. Let f be u(9). What is the highest common factor of f and 40?
40
Suppose 7*c - 6*c - 2 = 0. Suppose 2*p - 304 = -4*w, -c*w - 6 = -5*w. What is the highest common factor of 37 and p?
37
Let q(z) = -z + 2. Let t be q(-5). Suppose 0 = 36*p - 1740 - 276. Calculate the highest common divisor of p and t.
7
Let i = 28 - 3. Let c = -18 + i. What is the highest common divisor of c and 1?
1
Let q(i) = -73*i + 9. Let t be q(-3). Calculate the highest common divisor of 24 and t.
12
Let j = -74 - -76. Suppose 3*z = 0, 15 = f + j*f - z. Calculate the greatest common divisor of f and 20.
5
Let n = -216 - -557. Let d = 204 + -173. What is the greatest common factor of n and d?
31
Let i = 102 - 59. Let d = i + 55. Let b be (-4)/((-4)/42*3). What is the greatest common factor of d and b?
14
Let z be 456/88 + 4/(-22). Suppose -z*p - 1 = -11. Let x be 317 + (2 - (p + 2)). What is the greatest common divisor of 35 and x?
35
Suppose -15*h + 160 = -25*h. Let d = 20 - h. What is the greatest common divisor of d and 3?
3
Let v be -87*(-3)/(18/4). Suppose -4*h + v = 2*j, -2*j + h = -0*h - 33. What is the highest common divisor of 57 and j?
19
Let q(h) = -3*h**3 + 5*h**2 - 2*h - 25. Let f be q(-4). What is the highest common factor of f and 119?
17
Let g = 401 - 384. Calculate the greatest common divisor of g and 4.
1
Let q be 12/(-72) + (0 - 1057/(-6)). Calculate the highest common divisor of 128 and q.
16
Suppose 6*q + 850 - 952 = 0. Calculate the highest common divisor of q and 731.
17
Let m(j) be the first derivative of 4 - 3/2*j**2 - 3*j. Let s 